lculate the greatest common factor of 64 and 112.
16
What is the greatest common factor of 10 and 290?
10
What is the highest common divisor of 126 and 3339?
63
What is the highest common divisor of 441 and 4557?
147
Calculate the greatest common divisor of 2496 and 120.
24
What is the highest common factor of 159 and 583?
53
Calculate the greatest common factor of 12 and 5.
1
What is the highest common divisor of 14 and 238?
14
What is the greatest common factor of 43 and 1075?
43
What is the greatest common factor of 455 and 2210?
65
Calculate the highest common divisor of 70 and 490.
70
What is the highest common divisor of 3 and 852?
3
What is the greatest common divisor of 16 and 6776?
8
Calculate the highest common factor of 90 and 1422.
18
What is the greatest common factor of 26 and 1118?
26
What is the highest common divisor of 52 and 91?
13
What is the greatest common factor of 115976 and 14?
14
What is the highest common divisor of 104 and 13?
13
Calculate the greatest common factor of 180 and 220.
20
Calculate the highest common divisor of 28 and 7938.
14
What is the highest common divisor of 110 and 605?
55
Calculate the greatest common divisor of 28 and 175.
7
What is the highest common factor of 56 and 31444?
28
Calculate the highest common factor of 7 and 112.
7
Calculate the highest common factor of 42 and 1162.
14
What is the highest common factor of 15 and 21?
3
What is the greatest common divisor of 561 and 8007?
51
What is the greatest common factor of 216 and 144?
72
Calculate the greatest common factor of 1334 and 161.
23
What is the highest common factor of 24 and 584?
8
Calculate the highest common divisor of 20 and 1940.
20
Calculate the greatest common divisor of 200 and 15.
5
What is the highest common factor of 1312 and 1558?
82
Calculate the greatest common factor of 12 and 1740.
12
Calculate the greatest common factor of 153 and 21267.
153
Calculate the greatest common factor of 968 and 44.
44
Calculate the highest common divisor of 216 and 486.
54
Calculate the highest common divisor of 198 and 36.
18
Calculate the greatest common divisor of 38 and 26.
2
What is the greatest common factor of 1315 and 5?
5
What is the highest common divisor of 208 and 2275?
13
Calculate the highest common divisor of 1664 and 384.
128
Calculate the greatest common factor of 80 and 1536.
16
What is the highest common divisor of 865 and 5?
5
Calculate the highest common divisor of 132 and 12.
12
What is the highest common factor of 63 and 36?
9
What is the greatest common divisor of 20 and 12?
4
Calculate the highest common factor of 198 and 3498.
66
Calculate the highest common factor of 528 and 144.
48
Calculate the greatest common divisor of 97 and 2813.
97
What is the greatest common divisor of 3744 and 180?
36
Calculate the highest common divisor of 684 and 1284.
12
What is the highest common divisor of 1134 and 1449?
63
Calculate the greatest common divisor of 3287 and 173.
173
What is the greatest common factor of 52 and 611?
13
What is the highest common divisor of 16 and 6896?
16
Calculate the greatest common factor of 29 and 464.
29
What is the highest common divisor of 100 and 900?
100
Calculate the greatest common divisor of 80 and 160.
80
Calculate the highest common factor of 350 and 210.
70
Calculate the highest common factor of 770 and 1610.
70
What is the highest common factor of 16 and 84?
4
What is the greatest common factor of 65 and 65?
65
What is the highest common divisor of 234 and 54?
18
Calculate the greatest common divisor of 899 and 31.
31
What is the highest common divisor of 5103 and 21?
21
Calculate the greatest common divisor of 168 and 294.
42
Calculate the highest common factor of 6 and 64.
2
What is the highest common divisor of 84 and 948?
12
Calculate the greatest common factor of 52 and 130.
26
What is the greatest common factor of 66 and 154?
22
What is the greatest common divisor of 2529 and 90?
9
Calculate the highest common factor of 65 and 5.
5
What is the greatest common divisor of 98 and 322?
14
Calculate the greatest common divisor of 210 and 5.
5
What is the highest common divisor of 1704 and 24?
24
What is the greatest common factor of 59 and 59?
59
Calculate the greatest common divisor of 54 and 4905.
9
Calculate the greatest common divisor of 3 and 6.
3
What is the greatest common divisor of 72 and 1800?
72
What is the highest common divisor of 336 and 224?
112
Calculate the greatest common divisor of 1219 and 69.
23
What is the greatest common factor of 9807 and 21?
21
What is the highest common factor of 42 and 448?
14
Calculate the highest common divisor of 553 and 7.
7
What is the greatest common divisor of 824 and 8?
8
Calculate the highest common factor of 2385 and 45.
45
Calculate the highest common factor of 17236 and 372.
124
What is the greatest common factor of 16 and 184?
8
What is the highest common factor of 7 and 917?
7
Calculate the highest common factor of 12 and 14748.
12
What is the greatest common divisor of 24 and 40?
8
Calculate the greatest common divisor of 1120 and 3200.
160
What is the highest common factor of 14 and 6?
2
What is the greatest common divisor of 27 and 3753?
27
What is the greatest common divisor of 8733 and 123?
123
What is the highest common factor of 352 and 1088?
32
What is the greatest common divisor of 8 and 1576?
8
What is the highest common factor of 196 and 35?
7
Calculate the greatest common factor of 87 and 406.
29
What is the greatest common divisor of 1160 and 30?
10
What is the greatest common factor of 40 and 220?
20
What is the greatest common factor of 21 and 168?
21
Calculate the greatest common factor of 76 and 19760.
76
Calculate the greatest common divisor of 184 and 40.
8
What is the highest common factor of 153 and 1360?
17
Calculate the greatest common factor of 82 and 3731.
41
Calculate the highest common divisor of 32 and 128.
32
Calculate the highest common factor of 48 and 108.
12
Calculate the greatest common factor of 99 and 63.
9
Calculate the greatest common factor of 954 and 72.
18
Calculate the greatest common divisor of 84 and 35.
7
Calculate the highest common divisor of 8676 and 36.
36
Calculate the highest common divisor of 8526 and 87.
87
Calculate the highest common divisor of 3 and 125.
1
Calculate the highest common factor of 105 and 35735.
35
What is the highest common factor of 8 and 216?
8
What is the greatest common divisor of 435 and 45?
15
Calculate the highest common factor of 96 and 840.
24
What is the greatest common divisor of 2620 and 15?
5
What is the greatest common divisor of 25 and 41925?
25
What is the greatest common factor of 728 and 56?
56
What is the highest common divisor of 20893 and 17?
17
Calculate the highest common factor of 36 and 54.
18
What is the greatest common divisor of 14 and 6104?
14
Calculate the highest common factor of 10823 and 137.
137
What is the greatest common factor of 336 and 24?
24
What is the greatest common divisor of 440 and 100?
20
Calculate the greatest common divisor of 144096 and 57.
57
What is the greatest common divisor of 8 and 15784?
8
What is the highest common factor of 2728 and 1?
1
What is the highest common divisor of 117 and 312?
39
Calculate the highest common factor of 267 and 445.
89
What is the highest common factor of 10414 and 2032?
254
What is the highest common factor of 1428 and 612?
204
Calculate the highest common factor of 10970 and 10.
10
What is the greatest common factor of 11 and 209?
11
Calculate the greatest common divisor of 143 and 22.
11
What is the highest common factor of 63 and 81?
9
What is the highest common divisor of 493 and 17?
17
Calculate the greatest common divisor of 97 and 1261.
97
What is the greatest common factor of 180 and 4365?
45
Calculate the greatest common divisor of 32 and 296.
8
What is the highest common factor of 64 and 112?
16
What is the highest common factor of 516 and 168?
12
Calculate the highest common divisor of 4173 and 39.
39
What is the greatest common divisor of 92 and 13869?
23
What is the highest common factor of 34 and 17?
17
Calculate the highest common factor of 21 and 91.
7
What is the greatest common factor of 147 and 21?
21
Calculate the greatest common factor of 635 and